 97532.
2, 37, 659
List the prime factors of 13589.
107, 127
List the prime factors of 437.
19, 23
List the prime factors of 2977.
13, 229
List the prime factors of 33992.
2, 7, 607
What are the prime factors of 4820?
2, 5, 241
List the prime factors of 1509.
3, 503
What are the prime factors of 68797?
89, 773
What are the prime factors of 1316?
2, 7, 47
What are the prime factors of 1131?
3, 13, 29
List the prime factors of 1368.
2, 3, 19
List the prime factors of 13500.
2, 3, 5
List the prime factors of 295.
5, 59
What are the prime factors of 12739?
12739
List the prime factors of 800.
2, 5
List the prime factors of 36451.
36451
What are the prime factors of 1457?
31, 47
What are the prime factors of 69801?
3, 53, 439
List the prime factors of 81002.
2, 101, 401
What are the prime factors of 54325?
5, 41, 53
What are the prime factors of 143438?
2, 71719
List the prime factors of 1885.
5, 13, 29
List the prime factors of 12667.
53, 239
What are the prime factors of 16631?
16631
List the prime factors of 75.
3, 5
List the prime factors of 746.
2, 373
What are the prime factors of 1670?
2, 5, 167
List the prime factors of 8194.
2, 17, 241
What are the prime factors of 107?
107
List the prime factors of 486.
2, 3
What are the prime factors of 36226?
2, 59, 307
List the prime factors of 699.
3, 233
List the prime factors of 129022.
2, 31, 2081
List the prime factors of 2085.
3, 5, 139
List the prime factors of 2332.
2, 11, 53
What are the prime factors of 62543?
13, 17, 283
What are the prime factors of 5116?
2, 1279
What are the prime factors of 763?
7, 109
List the prime factors of 21268.
2, 13, 409
List the prime factors of 5502.
2, 3, 7, 131
List the prime factors of 38583.
3, 1429
What are the prime factors of 13036?
2, 3259
List the prime factors of 436.
2, 109
What are the prime factors of 4724?
2, 1181
What are the prime factors of 319?
11, 29
What are the prime factors of 4127?
4127
List the prime factors of 55307.
7, 7901
List the prime factors of 1375.
5, 11
List the prime factors of 21698.
2, 19, 571
What are the prime factors of 3957?
3, 1319
List the prime factors of 259.
7, 37
What are the prime factors of 421?
421
List the prime factors of 11260.
2, 5, 563
List the prime factors of 33452.
2, 8363
List the prime factors of 33982.
2, 13, 1307
List the prime factors of 1800.
2, 3, 5
List the prime factors of 20304.
2, 3, 47
List the prime factors of 28786.
2, 37, 389
What are the prime factors of 1144?
2, 11, 13
What are the prime factors of 1272?
2, 3, 53
What are the prime factors of 3819?
3, 19, 67
List the prime factors of 49229.
19, 2591
What are the prime factors of 58193?
58193
What are the prime factors of 8203?
13, 631
What are the prime factors of 169?
13
List the prime factors of 4693.
13, 19
What are the prime factors of 910?
2, 5, 7, 13
What are the prime factors of 4009?
19, 211
List the prime factors of 989.
23, 43
What are the prime factors of 58213?
23, 2531
What are the prime factors of 38533?
11, 31, 113
What are the prime factors of 4550?
2, 5, 7, 13
What are the prime factors of 27318?
2, 3, 29, 157
What are the prime factors of 28210?
2, 5, 7, 13, 31
What are the prime factors of 29576?
2, 3697
List the prime factors of 301.
7, 43
What are the prime factors of 19367?
107, 181
What are the prime factors of 1746?
2, 3, 97
What are the prime factors of 75625?
5, 11
List the prime factors of 25621.
25621
List the prime factors of 11493.
3, 1277
List the prime factors of 4546.
2, 2273
What are the prime factors of 4306?
2, 2153
What are the prime factors of 190?
2, 5, 19
What are the prime factors of 48247?
48247
What are the prime factors of 2335?
5, 467
List the prime factors of 992.
2, 31
What are the prime factors of 3725?
5, 149
List the prime factors of 1398.
2, 3, 233
List the prime factors of 3404.
2, 23, 37
List the prime factors of 24355.
5, 4871
List the prime factors of 13465.
5, 2693
What are the prime factors of 8995?
5, 7, 257
What are the prime factors of 16198?
2, 7, 13, 89
What are the prime factors of 888?
2, 3, 37
What are the prime factors of 18001?
47, 383
List the prime factors of 28540.
2, 5, 1427
List the prime factors of 2191.
7, 313
What are the prime factors of 1985?
5, 397
List the prime factors of 4943.
4943
What are the prime factors of 24867?
3, 307
List the prime factors of 513.
3, 19
List the prime factors of 1702.
2, 23, 37
List the prime factors of 81446.
2, 193, 211
What are the prime factors of 32077?
32077
What are the prime factors of 35811?
3, 23, 173
What are the prime factors of 548?
2, 137
List the prime factors of 510.
2, 3, 5, 17
List the prime factors of 9459.
3, 1051
What are the prime factors of 2762?
2, 1381
List the prime factors of 36804.
2, 3, 3067
List the prime factors of 18945.
3, 5, 421
List the prime factors of 2516.
2, 17, 37
What are the prime factors of 82788?
2, 3, 6899
List the prime factors of 17285.
5, 3457
List the prime factors of 1472.
2, 23
What are the prime factors of 1036?
2, 7, 37
What are the prime factors of 1036?
2, 7, 37
List the prime factors of 38717.
7, 5531
What are the prime factors of 3767?
3767
List the prime factors of 43304.
2, 5413
List the prime factors of 776.
2, 97
What are the prime factors of 93?
3, 31
What are the prime factors of 2435?
5, 487
List the prime factors of 21781.
23, 947
List the prime factors of 463.
463
List the prime factors of 10829.
7, 13, 17
What are the prime factors of 465?
3, 5, 31
What are the prime factors of 12385?
5, 2477
What are the prime factors of 407?
11, 37
List the prime factors of 1261.
13, 97
What are the prime factors of 12501?
3, 463
What are the prime factors of 1352?
2, 13
What are the prime factors of 82153?
82153
What are the prime factors of 26081?
11, 2371
List the prime factors of 40093.
40093
List the prime factors of 426.
2, 3, 71
List the prime factors of 20.
2, 5
List the prime factors of 1068.
2, 3, 89
List the prime factors of 5378.
2, 2689
What are the prime factors of 37829?
11, 19, 181
List the prime factors of 869.
11, 79
What are the prime factors of 1478?
2, 739
List the prime factors of 1350.
2, 3, 5
List the prime factors of 365.
5, 73
What are the prime factors of 555?
3, 5, 37
What are the prime factors of 15441?
3, 5147
List the prime factors of 51536.
2, 3221
What are the prime factors of 74?
2, 37
What are the prime factors of 18636?
2, 3, 1553
List the prime factors of 109.
109
List the prime factors of 7701.
3, 17, 151
List the prime factors of 620.
2, 5, 31
List the prime factors of 341.
11, 31
What are the prime factors of 3249?
3, 19
List the prime factors of 38541.
3, 29, 443
List the prime factors of 2361.
3, 787
List the prime factors of 901.
17, 53
List the prime factors of 5949.
3, 661
List the prime factors of 23115.
3, 5, 23, 67
List the prime factors of 1403.
23, 61
List the prime factors of 75013.
75013
What are the prime factors of 19452?
2, 3, 1621
What are the prime factors of 2288?
2, 11, 13
List the prime factors of 21698.
2, 19, 571
List the prime factors of 367.
367
List the prime factors of 6216.
2, 3, 7, 37
What are the prime factors of 18404?
2, 43, 107
What are the prime factors of 46957?
46957
List the prime factors of 55781.
11, 461
What are the prime factors of 3487?
11, 317
What are the prime factors of 11450?
2, 5, 229
What are the prime factors of 919?
919
List the prime factors of 11690.
2, 5, 7, 167
What are the prime factors of 6806?
2, 41, 83
What are the prime factors of 15482?
2, 7741
List the prime factors of 44048.
2, 2753
List the prime factors of 99730.
2, 5, 9973
What are the prime factors of 5606?
2, 2803
List the prime factors of 2804.
2, 701
What are the prime factors of 1336?
2, 167
What are the prime factors of 127310?
2, 5, 29, 439
List the prime factors of 4209.
3, 23, 61
What are the prime factors of 2231?
23, 97
List the prime factors of 421.
421
What are the prime factors of 901?
17, 53
What are the prime factors of 5647?
5647
List the prime factors of 1004.
2, 251
List the prime factors of 22052.
2, 37, 149
What are the prime factors of 72293?
13, 67, 83
What are the prime factors of 143?
11, 13
List the prime factors of 7717.
7717
List the prime factors of 1394.
2, 17, 41
What are the prime factors of 73